(z) = z**3 + 2*z**2 + 5*z + 4. Calculate p(f).
-20
Let w(g) = -g + 1. Let h(o) = o - 2. Let l(j) = -h(j) - 2*w(j). Suppose 12 = -b - b. Calculate l(b).
-6
Suppose 35*j = 45*j + 30. Let y(x) = -x**3 - 5*x**2 - 5*x - 4. Determine y(j).
-7
Suppose 0*c = -5*c + 15. Let g(h) = 8*h - 2 - 4*h - c*h. Calculate g(6).
4
Let t(v) = 2*v - 1. Suppose 0*y - 5*y = 4*s + 16, 0 = -4*s + y + 8. Suppose 3*p - 8 = s. Suppose 3*i + 3 = -c - 3, -p*i = -3*c - 6. Determine t(i).
-3
Suppose -15*x - 117 = -54*x. Let t(v) = -4*v + 1. Determine t(x).
-11
Let u(a) = 4*a**2 - 4*a + 6. Let r(l) = 5*l**2 - 5*l + 7. Suppose -2*p = -3*p + 6. Let q(t) = p*u(t) - 5*r(t). Suppose -15*v - 10 = -10*v. Give q(v).
-5
Let r(i) = i**2 + 6*i - 9. Let b = -24 - -24. Suppose 3*w - w - 18 = b. Let u be w/6*16/(-3). Determine r(u).
7
Let n(a) = a**3 + 9*a**2 + 6*a + 7. Suppose -17*v = -v + 128. Give n(v).
23
Let h(w) = -1 + 4*w**2 - 2*w - 217*w**3 + w**2 + 218*w**3. Let q be h(-5). Suppose 4*x = -q - 11. Let m(n) = n**3 + 6*n**2 + 4*n. Determine m(x).
5
Let v = -5 + 21. Let k = -17 + v. Let a(u) be the second derivative of u**3/2 - u**2/2 + 3*u. Calculate a(k).
-4
Let w(i) = 2*i**2 + 36*i - 42. Let n = -1035 - -1016. What is w(n)?
-4
Let h = 175 + -180. Let i(q) be the second derivative of 0 - 2/3*q**3 - 2*q - 7/2*q**2. What is i(h)?
13
Let g(q) be the third derivative of 2*q**5/15 - q**4/24 + 17*q**2. Let f(o) = -o**3 + 6*o**2 - 4*o - 6. Let p = -4 + 9. Let d be f(p). Determine g(d).
9
Let n(w) = w - 3. Suppose 0 = 5*q - 5*d - 10, q + 4*d = -0*q + 12. Suppose -q*c - 44 = 4*z, 5*c = -z - 3*z - 49. Determine n(z).
-9
Let b(m) = 2*m - 15. Let k be ((-124)/16)/(-1) - 3/4. Give b(k).
-1
Let a be 2/4 + (-105)/(-6). Let c be (9 + -3)/(a/12). Suppose -3*u - 11 = c. Let b(w) = -w**2 - 4*w + 3. Calculate b(u).
-2
Let q(m) = -m**2 + 4*m - 1. Let s(c) = -c**3 - 9*c**2 + 14*c + 44. Let n be s(-10). What is q(n)?
-1
Let m(u) = -u + 2. Let h be (-98)/4*(-24)/14. Let a be (-6)/10 + h/(-30). Let i be (2/a)/(2/(-8)). Determine m(i).
-2
Let z(l) be the second derivative of l**2 + 20*l + 1/6*l**3 + 0. Determine z(5).
7
Let l be (60/(-18))/(1/(-6)). Suppose 5*d = -5*f + l, -2*f - 4*d - 8 = -24. Suppose -5*b - 22 = z + 2*z, f = -3*b - 2*z - 13. Let q(a) = -a. Give q(b).
5
Suppose 21*j + 125 = 26*j. Suppose 0*b - 3*w + 10 = 2*b, 5*b + w - j = 0. Let m(g) = g**2 - 3*g - 3. Let r be m(b). Let f(y) = y + 3. Determine f(r).
10
Let l(z) = 4*z - 8. Let i(k) = -5*k + 11. Let n(m) = -3*i(m) - 4*l(m). Determine n(-1).
0
Let b(f) be the first derivative of -f**4/12 - 7*f**3/6 + 9*f**2/2 + 2*f + 28. Let x(s) be the first derivative of b(s). Calculate x(-8).
1
Let u(s) = -s - 8*s + 10*s + 7. Let g = 142 - 149. Determine u(g).
0
Let v(b) = -b - 9. Let h be v(-11). Let j(t) = h - 2*t + 5*t + 2*t - t**2 - 4*t. Give j(-2).
-4
Let g(d) = -5 - 3*d + 0 + 15. Suppose 2*m + 5*n = 8 + 21, 3 = n. What is g(m)?
-11
Let t(w) = w**2 - 3*w - 1. Let b(n) = 7*n + 2. Let l be b(-1). Let g be 1/l + (-106)/(-5). Suppose 5*d - a - g = 0, 5*a - 35 = -5*d + 2*d. Give t(d).
9
Let j(t) = -t**2 + 5*t - 7. Let p be (-4 + 102/18)*3/1. Determine j(p).
-7
Let q be 6/(-27) - (-395)/(-45). Let s(j) = -j**2 - 9*j + 1. Let a be s(q). Let h be a/((4 + 0)/(-20)). Let z(g) = 4*g + 5. Calculate z(h).
-15
Let p(o) = o**3 - 2*o - 1. Let m(z) = -3*z**2 - 7*z - 4. Suppose 3*y + 3*y + 12 = 0. Let s be m(y). Determine p(s).
-5
Let u(l) = -2*l**3 + 3*l**2 - l + 1. Suppose 0*f = f. Suppose -5*g = 5*s - 15, g = -4*s - f*g + 9. Give u(s).
-5
Let y be (13 - 11)*(1 - 2). Let i(a) be the third derivative of 1/6*a**3 - 1/3*a**4 + 4*a**2 + 0*a + 0. Calculate i(y).
17
Let c(y) be the first derivative of -y**4/4 - 5*y**3/3 + 3*y**2/2 - 381. Give c(-4).
-28
Let f(q) = 189*q**2 - 12*q + 13 - 186*q**2 - 2*q**2. What is f(5)?
-22
Let c(m) = m**3 + 5*m**2 + 3*m - 4. Let d be c(-3). Suppose -d*q = 12*q + 136. Let s(z) = z**2 + 9*z + 12. Calculate s(q).
4
Let g = 1 + 1. Let d be 1 + 0 + -1*g. Let m(h) = 3 + h + 1 - 38 + 0 + 35 - 2*h**2. Calculate m(d).
-2
Let x(z) be the first derivative of z**4/4 - z**3 - 4*z**2 + 3*z + 46. Let j(u) = 2*u - 3. Let v be j(4). Determine x(v).
13
Let s = -185 - -187. Let u(w) = -3*w**2 + 4*w - 3. Determine u(s).
-7
Let v(b) = -b**2 - 12*b + 23. Let t be ((6/(-5))/3)/((-25)/(-875)). What is v(t)?
-5
Let v(d) = 4*d**2 + d - 1. Let k be v(1). Suppose -3*z + 6 = -s - k*z, 2*z + 9 = s. Let r(y) = 8*y. What is r(s)?
-8
Let l(h) = -789*h + 791*h + 61 - 22. What is l(-18)?
3
Let y(m) = 2*m - 4. Let w(g) = g - 2. Let c(t) = 4*w(t) - 3*y(t). Suppose -3 + 7 = 2*d. Suppose 0 = 2*b - d*i - 16, 4*b - 34 = b + 5*i. What is c(b)?
-2
Let a(g) = g. Let i be a(6). Let m(x) be the third derivative of -x**6/120 + x**5/10 - 5*x**3/6 + 261*x**2. Calculate m(i).
-5
Let h be ((-12)/(-14))/(1/7). Let q(o) = -2400*o - 2398*o + 4803*o - 4*o**2 + 3*o**2 + 7. Calculate q(h).
1
Let u = -20 + 17. Let x(m) be the third derivative of m**6/360 + m**5/24 - m**4/8 - m**3/6 - 3*m**2. Let f(w) be the first derivative of x(w). Determine f(u).
-9
Let f = 17 + -14. Suppose -s = -3*h, 3*h - 6 = -f*s + 6. Suppose -s*r + 10 = 4. Let c(k) = -k**2 + 3*k - 3. Give c(r).
-1
Suppose -4 = -4*s, -2*w - 3*w + 378 = 3*s. Let q(t) = 11 + 84*t + 0*t**2 - 7*t**2 - t**3 - w*t. Let i be q(-8). Let u(o) = -4*o + 3. Determine u(i).
-9
Suppose 2*k - 1 = g, -3*g = -2*k - 9 + 4. Let l(t) be the third derivative of 0 - t**g + 0*t - 1/24*t**4 - 3*t**2. Calculate l(0).
-6
Let n(y) = -4*y**2 + 128*y + 2. Let v be n(32). Suppose 1 = 2*s - 3. Let c(o) = v*o - s*o + 1 - o**2. Give c(-2).
-3
Let l(k) = -15*k. Let m be l(-1). Let o(r) = r - 13. Let n be o(m). Let i(y) = n + 10 + y**2 + 0*y**2 + 4. Give i(0).
16
Suppose -2*l + 18 = -3*v, 0*v - 5*l = -3*v - 27. Let d(u) be the first derivative of u**4/4 + u**3 - u**2 + 4*u - 8. Determine d(v).
-4
Let m(u) be the third derivative of -u**6/120 + u**4/24 + 7*u**3/6 - 2*u**2 + 26*u. What is m(0)?
7
Suppose 185*m - 183*m + 2*j = -24, -2*m - 34 = 4*j. Let c(i) = -i + 4. Let f(x) = 3*x + 3 - 4 - 6. Let n(s) = 9*c(s) + 4*f(s). Calculate n(m).
-13
Let y(p) = 4*p**2 + 6*p - 22. Let u(k) = 3*k**2 + 7*k - 20. Let d(q) = 5*u(q) - 4*y(q). Give d(8).
12
Let o(d) = -d**2 - 4*d + 3. Let f(s) = 9*s + 9*s**2 + s**2 + s**3 - 4*s**2 + 16 - s**2. Let w be f(-4). Calculate o(w).
3
Let t(u) = -u**2 + 4*u + 18. Let j = -38 + 44. Calculate t(j).
6
Let k be (30/2)/3 - 0. Suppose 0 = -k*h + 2*j - 17, h + 3*j - 1 = -j. Let u(w) = -5*w - 2. Give u(h).
13
Suppose -7*r = 5*r - 2*r. Let q(d) = d**3 - d**2 + 19. Give q(r).
19
Let c be (6/2)/(1332/(-447) + 3). Let o = -143 + c. Let p(j) = -11*j**2 + 18*j - 26. Let z(a) = -4*a**2 + 6*a - 9. Let i(s) = -3*p(s) + 8*z(s). Give i(o).
6
Let c = -1556 + 1555. Let z(w) be the second derivative of 7*w**3/6 + w**2/2 - 2*w. What is z(c)?
-6
Let u(p) = 25*p**2 - 266 - 266 + 532 + 3*p**2. Determine u(-1).
28
Suppose 0 = -3*x - 38 + 26. Let g = -5 - x. Let n(f) = 4*f**3 + f + 1. Give n(g).
-4
Suppose 0 = 5*v - 4*n + 23, 4*v - 2*n = -3 - 13. Let y(h) = -4*h**3 + 9*h. Let s(t) = -5*t**3 - t**2 + 10*t. Let w(a) = 5*s(a) - 6*y(a). Determine w(v).
-6
Suppose 3*b + 4*w - 2 = 6*w, -b = -3*w - 10. Let p(q) = q**2 - 4. What is p(b)?
0
Suppose 0 = -9*b + 10*b - 28. Let t(w) = b*w - 17*w - 10*w - 1. Determine t(0).
-1
Let o(f) = 6737*f + 1 - 6734*f + 0. Calculate o(-4).
-11
Let o(b) = -b - 14. Let i(p) = -23*p - 76. Let c be i(-3). Calculate o(c).
-7
Suppose 6029*a - 6031*a = 4. Let r(t) = -t**3 - 2*t**2 + t - 2. Calculate r(a).
-4
Let o(y) = -y**2 + 9*y - 17. Let u be o(5). Let l = u + -8. Let c(s) = s + 5. Determine c(l).
0
Let h(f) = f**2 + 8*f + 5. Let g(o) = o**2 - 2*o - 2. Let x be ((-8)/7)/(18/(-63)). Let b be g(x). Suppose 2*r + b = -4. Give h(r).
-10
Suppose -3*h + d + 1 = 8, 3*d - 14 = 2*h. Let f(o) = 4*o + 3. Let v(b) = 2*b - 1. Let i(l) = h*f(l) - 4*v(l). What is i(1)?
-11
Suppose -113*m + 117*m = -4. Let q(v) = 29*v + 1. Calculate q(m).
-28
Let w(s) = -s**3 - 30*s**2 + 66*s + 70. Let t be w(-32). Let y(h) = 12. Let d(a) = a - 35. Let v(g) = -3*d(g) - 8*y(g). Give v(t).
-9
Suppose 5*p - 4*p - a = 3, 3*p - 5 = -a. Let o(l) = -3*l + 53*l**3 - 54*l**3 + p*l. Let g be 0/(-2)*3/3. Calculate o(g).
0
Let y(l) be the second derivative of -l**5/20 - 2*l**4/3 - 5*l**3/6 + 2*l**2